68765755?
5
What is the hundreds digit of 109495671?
6
What is the ten thousands digit of 910301713?
0
What is the thousands digit of 356335070?
5
What is the ten millions digit of 28362456?
2
What is the hundred thousands digit of 41870513?
8
What is the tens digit of 3311385537?
3
What is the hundreds digit of 149010750?
7
What is the hundred millions digit of 317121994?
3
What is the tens digit of 1251853216?
1
What is the hundreds digit of 1754353978?
9
What is the thousands digit of 343365093?
5
What is the units digit of 1481187333?
3
What is the hundred millions digit of 150080433?
1
What is the hundred thousands digit of 315572862?
5
What is the thousands digit of 38437243?
7
What is the thousands digit of 143614570?
4
What is the millions digit of 4608817?
4
What is the millions digit of 179333458?
9
What is the hundreds digit of 12602193?
1
What is the tens digit of 65365432?
3
What is the thousands digit of 14818581?
8
What is the hundreds digit of 1291896?
8
What is the tens digit of 66140301?
0
What is the units digit of 53491201?
1
What is the hundred millions digit of 7151537973?
1
What is the thousands digit of 297050334?
0
What is the millions digit of 44162241?
4
What is the tens digit of 218348107?
0
What is the millions digit of 2686626350?
6
What is the hundred millions digit of 1048144488?
0
What is the hundreds digit of 271767707?
7
What is the thousands digit of 83378498?
8
What is the ten millions digit of 917601611?
1
What is the hundred millions digit of 135229545?
1
What is the tens digit of 162190502?
0
What is the units digit of 437665722?
2
What is the ten millions digit of 141884673?
4
What is the billions digit of 1415858594?
1
What is the thousands digit of 176907583?
7
What is the hundred thousands digit of 1206420744?
4
What is the millions digit of 1150006316?
0
What is the hundred thousands digit of 41813034?
8
What is the thousands digit of 935849?
5
What is the ten millions digit of 1137835541?
3
What is the ten millions digit of 16161713?
1
What is the thousands digit of 764231853?
1
What is the hundreds digit of 88785242?
2
What is the hundred millions digit of 1562781722?
5
What is the tens digit of 86742504?
0
What is the thousands digit of 256912595?
2
What is the ten millions digit of 171565443?
7
What is the tens digit of 55403793?
9
What is the thousands digit of 12455238?
5
What is the hundreds digit of 472699480?
4
What is the ten millions digit of 3740941317?
4
What is the ten millions digit of 2519856879?
1
What is the thousands digit of 1569874723?
4
What is the tens digit of 918151155?
5
What is the units digit of 115840754?
4
What is the hundred millions digit of 761942529?
7
What is the ten millions digit of 1470935754?
7
What is the hundred millions digit of 251191492?
2
What is the ten millions digit of 94126395?
9
What is the hundreds digit of 4474438548?
5
What is the hundred thousands digit of 4818451?
8
What is the hundreds digit of 82936555?
5
What is the ten thousands digit of 93688449?
8
What is the millions digit of 60987203?
0
What is the tens digit of 21267058?
5
What is the hundred thousands digit of 76613395?
6
What is the hundreds digit of 2848191798?
7
What is the ten thousands digit of 123700686?
0
What is the ten millions digit of 80316617?
8
What is the tens digit of 203179418?
1
What is the ten thousands digit of 996535287?
3
What is the thousands digit of 96296445?
6
What is the hundreds digit of 345953309?
3
What is the tens digit of 544076978?
7
What is the millions digit of 64586679?
4
What is the tens digit of 54317749?
4
What is the thousands digit of 53803766?
3
What is the tens digit of 269774912?
1
What is the tens digit of 1056884309?
0
What is the ten thousands digit of 132153856?
5
What is the ten millions digit of 2456327647?
5
What is the hundred thousands digit of 264918161?
9
What is the units digit of 52402091?
1
What is the hundreds digit of 132638645?
6
What is the billions digit of 1920434714?
1
What is the tens digit of 1503901746?
4
What is the ten millions digit of 209127639?
0
What is the ten millions digit of 293971456?
9
What is the tens digit of 3239922947?
4
What is the millions digit of 155532514?
5
What is the thousands digit of 105599329?
9
What is the millions digit of 12554793?
2
What is the units digit of 177320894?
4
What is the millions digit of 952583675?
2
What is the ten thousands digit of 25651257?
5
What is the units digit of 949036858?
8
What is the ten thousands digit of 84207511?
0
What is the ten millions digit of 60135467?
6
What is the ten millions digit of 516531478?
1
What is the thousands digit of 19492046?
2
What is the millions digit of 2163416415?
3
What is the ten millions digit of 2987974601?
8
What is the tens digit of 25752467?
6
What is the millions digit of 108605758?
8
What is the units digit of 446126187?
7
What is the hundred thousands digit of 8894310924?
3
What is the units digit of 202189636?
6
What is the millions digit of 5782577778?
2
What is the ten millions digit of 891072619?
9
What is the units digit of 18696185?
5
What is the hundred thousands digit of 54251487?
2
What is the millions digit of 211537675?
1
What is the millions digit of 89960737?
9
What is the tens digit of 34383185?
8
What is the tens digit of 4719429829?
2
What is the ten millions digit of 30915890?
3
What is the ten millions digit of 52158149?
5
What is the tens digit of 39662904?
0
What is the millions digit of 37755254?
7
What is the units digit of 102604643?
3
What is the millions digit of 584738202?
4
What is the hundred thousands digit of 77739991?
7
What is the hundred millions digit of 1452364734?
4
What is the billions digit of 2844684014?
2
What is the units digit of 14291612?
2
What is the ten thousands digit of 92903883?
0
What is the hundreds digit of 11903026?
0
What is the thousands digit of 1039575406?
5
What is the millions digit of 47863743?
7
What is the millions digit of 1143119552?
3
What is the hundred thousands digit of 4149965829?
9
What is the ten millions digit of 143204043?
4
What is the ten thousands digit of 122442502?
4
What is the ten millions digit of 3399271156?
9
What is the tens digit of 1379889865?
6
What is the hundred thousands digit of 59472584?
4
What is the millions digit of 16497703?
6
What is the ten thousands digit of 1030486502?
8
What is the hundreds digit of 3716497?
4
What is the millions digit of 32401392?
2
What is the tens digit of 22018474?
7
What is the thousands digit of 58375979?
5
What is the hundreds digit of 57313420?
4
What is the thousands digit of 191082727?
2
What is the thousands digit of 1003072081?
2
What is the millions digit of 3333698459?
3
What is the hundred thousands digit of 253032487?
0
What is the hundreds digit of 35362100?
1
What is the thousands digit of 14075627?
5
What is the hundreds digit of 32912339?
3
What is the ten millions digit of 211195499?
1
What is the ten millions digit of 2329914222?
2
What is the hundred thousands digit of 43159490?
1
What is the ten millions digit of 70128942?
7
What is the ten thousands digit of 37154034?
5
What is the millions digit of 439242212?
9
What is the hundreds digit of 33555908?
9
What is the hundred thousands digit of 50664263?
6
What is the millions digit of 481946868?
1
What is the millions digit of 133261135?
3
What is the hundreds digit of 180280491?
4
What is the units digit of 590137944?
4
What is the hundred millions digit of 1313963325?
3
What is the tens digit of 3490367391?
9
What is the units digit of 125537189?
9
What is the tens digit of 142874868?
6
What is the ten millions digit of 372180385?
7
What is the ten millions digit of 18042281?
1
What is the ten thousands digit of 1034861436?
6
What is the thousands digit of 2617884060?
4
What is the hundred millions digit of 825869707?
8
What is the millions digit of 52642658?
2
What is the tens digit of 463298593?
9
What is the ten thousands digit of 338815933?
1
What is the hundred thousands digit of 2677110605?
1
What is the ten thousands digit of 183863249?
6
What is the ten thousands digit of 52250032?
5
What is the thousands digit of 220215150?
5
What is the millions digit of 65196568?
5
What is the hundred thousands digit of 108210816?
2
